 5. Let v = 126 - b. What is the highest common divisor of 15 and v?
15
Let u(v) = 29*v - 24. Let z be u(5). Calculate the highest common divisor of z and 11.
11
Let f be (-4)/(-6)*9/6. Suppose 22 = 2*a - 0. Calculate the greatest common factor of a and f.
1
Suppose -3*a - 3 = -4*a. Calculate the greatest common factor of 1 and a.
1
Let z be 223/5 - 8/(-20). Let v(u) = u**3 + 4*u**2 - 5*u + 5. Let p be v(-5). What is the highest common divisor of p and z?
5
Let m be (-1)/(-5) + 438/10. Calculate the highest common factor of m and 4.
4
Suppose -10*d + 6*d = -80. Let t be (7 - 1)/((-3)/(-10)). Calculate the greatest common divisor of d and t.
20
Suppose -152 + 157 = g. Calculate the highest common divisor of 30 and g.
5
Let r(w) = 2*w**2 - 2*w - 4. Let i be r(-9). Calculate the greatest common factor of i and 22.
22
Suppose -p + 3*t = 3*p - 208, 3*t + 61 = p. Suppose q + 3*q - 5*b = p, -5*q = 5*b - 50. Suppose -9 = -a + q. What is the highest common factor of 100 and a?
20
Let t = -30 + 54. Suppose 0*v - 2*v + 38 = 0. Let l = 27 - v. What is the greatest common factor of t and l?
8
Suppose 3*f + 2*f = 10. Let u(z) = 3*z + 0*z - 6 - f*z + 13. Let a be u(7). What is the highest common divisor of 21 and a?
7
Suppose -4*a + 2*d = -274, 231 = 3*a + d + 18. Let t = -4 + 40. Let z be 28/6*t/6. What is the highest common factor of z and a?
14
Let n be (0 - 0 - -33) + 0. Suppose 5*v + 16 = h - 0*h, 0 = 4*h + 4*v - 40. What is the highest common factor of n and h?
11
Suppose 20*u - 22*u + 66 = 0. Calculate the highest common factor of 99 and u.
33
Suppose -5*a = 16 + 9. Let n be (-3 - -6) + a + 3. What is the greatest common factor of n and 2?
1
Let l(t) = -t**3 + 3*t**2 + 5*t - 4. Let b be l(4). Let u = b + -1. Let j be 10 - u/1*0. Calculate the greatest common divisor of j and 10.
10
Suppose -4*b + 25 = 5. What is the highest common factor of b and 1?
1
Let k = 84 + -57. Let n be 12/20 + 2/5. Let l be -1 + n*-2 + 6. What is the greatest common factor of l and k?
3
Let y = -4 - -9. Suppose 3*u - 31 = 29. What is the highest common divisor of y and u?
5
Suppose -332 = -2*m - 66. What is the greatest common factor of m and 19?
19
Let r(q) = 7*q**3 - q. Let v be r(-1). Let w be (-4)/(-6) + (-86)/v. Let l = -42 + 207. Calculate the highest common factor of w and l.
15
Let r = 62 - 29. Calculate the highest common factor of r and 3.
3
Let j = -26 + 32. What is the highest common divisor of j and 15?
3
Let w be (-2)/(-4)*1*4. Suppose 2*x + 3*x = -b - 3, -5*x - 7 = -b. Calculate the highest common factor of w and b.
2
Let v = 168 - 144. What is the highest common factor of v and 3?
3
Let d = -11 + 9. Let n = 11 + d. Calculate the greatest common factor of n and 27.
9
Let v(o) = o**2 + 12*o. Let j be v(-12). Suppose j*z - 5*t = 5*z - 85, -40 = -2*z - 5*t. Calculate the highest common factor of 15 and z.
15
Suppose 3*n - 46 - 8 = 0. Calculate the highest common divisor of 2 and n.
2
Let o = -29 - -41. What is the highest common divisor of o and 132?
12
Suppose 2*y + 47 = -33. Let g = -18 - y. Let f be g - (1/(-1) + 2). Calculate the highest common divisor of f and 42.
21
Let b be (-1856)/(-12) + 2/(-3). What is the greatest common divisor of b and 22?
22
Let s be (1 + (6 - 1))*1. Let i(u) = u**3 - 7*u**2 + 8*u - 2. Let l be i(s). Suppose 4*f - l = 42. What is the greatest common divisor of f and 13?
13
Let s = 21 + 0. Let r be 3*-3*(-2)/(-9). Let k be 5*((-24)/(-5) + r). Calculate the highest common divisor of s and k.
7
Let o(i) = 7*i**2 + 7*i + 1. Let u(y) = -y**2 - y. Let p(v) = o(v) + 6*u(v). Let r be p(-5). Calculate the greatest common factor of 21 and r.
21
Let w(i) = i**3 + i**2 - i + 60. Let h(k) = -k**3 - 4*k**2 + 4*k - 5. Let m be h(-5). Let u be w(m). Calculate the highest common divisor of u and 24.
12
Let i(z) = z**2 - 1. Let o be (-4)/10 - 26/10. Let s be i(o). Calculate the greatest common divisor of 16 and s.
8
Let c = -16 - -121. Calculate the greatest common factor of c and 21.
21
Suppose -2*y + 360 = 6*y. Calculate the highest common factor of y and 5.
5
Let i(n) = 21*n - 3. Let a be i(3). Let w be a/14 - (-4)/(-14). Calculate the highest common divisor of 2 and w.
2
Let w = -1 - -9. Let b(t) = t**3 + 5*t**2 + 2*t - 2. Let q be b(-3). Let p be (24/(-20))/((-1)/q). What is the greatest common divisor of p and w?
4
Let t(i) = i**3 + 3*i**2 + i + 1. Let g be t(-2). What is the highest common divisor of 21 and g?
3
Let o be 2*((-3)/(-2) + -2). Let m(u) = 1 - 4 - 25*u + 2. Let h be m(o). What is the greatest common factor of 12 and h?
12
Suppose 294 = -0*b + 3*b. Suppose v = -16 + 58. Suppose g + 2*g - v = 0. What is the greatest common divisor of g and b?
14
Suppose 0 = 3*l + 5*k - 27, -53 = -3*l + 4*k + 1. Suppose -83 = -3*r - y, r - 29 = -y + 2*y. What is the greatest common divisor of r and l?
14
Let k(q) = q - 38. Let w be k(0). Let b be (w/4)/((-1)/14). Let a = b - 91. Calculate the highest common factor of 6 and a.
6
Let n be (2 - 1 - -1)*17. Let l be 8/84*-3 - 242/(-14). Calculate the greatest common divisor of l and n.
17
Suppose 5*a + 5*c + 6 = -4, -5*c = 4*a + 12. Calculate the highest common factor of 8 and a.
2
Let k = 7 - -7. Calculate the greatest common factor of 28 and k.
14
Let p be 136/36 + 2/9. Suppose i - 14 = -p. Let g = 0 + i. What is the greatest common factor of g and 110?
10
Let p(c) = -c**2 + 6*c - 5. Let z be p(6). Let a = -3 - z. Suppose 3*v = -b - 2, 3*v - 5*v = b - a. What is the greatest common factor of 10 and b?
10
Let z(d) = d - 1. Let w be z(-7). Let n be 52/2*(-4)/w. Calculate the greatest common divisor of 91 and n.
13
Let m = 10 - 6. Let h be 19 + 2 + 3 + -3. Let c = h - m. What is the greatest common divisor of 85 and c?
17
Suppose -5 = 2*g - 17. Suppose x + g = 2*x. Calculate the highest common divisor of x and 15.
3
Let m = 25 - 9. Let t be ((-6)/(-4))/(3/66). Let h = t - 9. What is the highest common divisor of m and h?
8
Let w(b) = -51*b + 3. Let d be w(-5). Suppose -5*h + d = 2*v, v + 3*v = -4*h + 216. What is the highest common divisor of h and 20?
10
Let i(y) = -2*y - 2. Let v be -3 + 1 + 0 - 3. Let b be i(v). What is the highest common factor of 2 and b?
2
Let n be -5*(-1 + (-9)/(-15)). Suppose -g + 9 = 5*d, -n*d - 2*d = -g. Suppose 0 = -3*f + g + 5. Calculate the highest common factor of f and 27.
3
Suppose 6*q + 15 - 45 = 0. What is the greatest common divisor of 35 and q?
5
Let u be 11/(1/2*2). Suppose l = -0*l + u. Calculate the greatest common divisor of l and 1.
1
Suppose -125 = -4*t - t. What is the highest common divisor of t and 200?
25
Suppose h + 5*r - 55 = 0, -4*h = 4*r + r - 235. What is the greatest common divisor of 40 and h?
20
Suppose 3*i - 4*r = 2*i - 11, -i + 13 = 4*r. Calculate the greatest common factor of i and 1.
1
Let b(a) = a**2 + 3*a + 2. Let n be b(-2). Let y be n + (-3 - -2) + -2. Let j be -3 + -1*129/y. What is the highest common factor of 5 and j?
5
Let v be 15/6*(2 - -4). Let f = -3 - -2. Let r(j) = 105*j**2 - j - 1. Let t be r(f). What is the greatest common factor of v and t?
15
Let w = -29 + 39. What is the highest common factor of w and 170?
10
Suppose -3*n = 12*n - 150. What is the greatest common divisor of 5 and n?
5
Let i(r) = r**2 + 2*r - 3. Let o be i(-4). Suppose m = 4*m + 21. Let c(a) = -2*a - 4. Let b be c(m). Calculate the greatest common factor of o and b.
5
Let u(r) = r**3 + 5*r**2 - 5*r + 9. Let t be u(-6). What is the greatest common factor of 3 and t?
3
Let g(b) = b**3 + 21*b**2 + 20*b + 2. Let v be g(-20). Calculate the highest common divisor of 18 and v.
2
Suppose 9 = -x - 2*z, 0 = -2*z + 3*z + 5. Suppose 2*d + 2 + 2 = 0, -2*d = 5*f - 11. Suppose -f*y + x = -167. What is the highest common factor of y and 14?
14
Let j(g) = -g**2 + 1. Let w(x) = 4*x**2 - 3*x - 1. Let p(s) = j(s) + w(s). Let l be p(-7). Calculate the highest common factor of 21 and l.
21
Let w = -5 + 6. Let m be (w + -1)/((-6)/2). Let i(k) = -k**2 + k + 16. Let l be i(m). What is the greatest common factor of l and 4?
4
Suppose -8 = -4*j + 2*l + 12, 0 = -3*j - 4*l + 26. Let d be j + (-2 - (1 - 1)). Suppose 0 = -f + 5*f - 16. Calculate the greatest common factor of d and f.
4
Suppose 0 = -3*x - b + 6*b + 325, x = -5*b + 135. What is the highest common divisor of 46 and x?
23
Suppos